{"id":11682,"date":"2021-01-14T15:57:12","date_gmt":"2021-01-14T15:57:12","guid":{"rendered":"https:\/\/www.edge-safety.eu\/cms\/?post_type=product&#038;p=11682"},"modified":"2024-05-08T15:10:45","modified_gmt":"2024-05-08T15:10:45","slug":"dyna-fit-dispenser-250","status":"publish","type":"product","link":"https:\/\/www.edge-safety.eu\/cms\/product\/dyna-fit-dispenser-250\/","title":{"rendered":"Dyna-Fit Dispenser 250"},"content":{"rendered":"","protected":false},"excerpt":{"rendered":"<p><strong><span style=\"color: #ff0000\">Omschrijving<br \/>\n<\/span><\/strong>De Dyna-Fit Dispenser 250 is gevuld met 250 paar NP101 disposable oorpluggen. Deze hebben een uitstekende pasvorm en bieden uitzonderlijke bescherming door de zeer hoge dempingsfactor van <strong>34 dB<\/strong>.<br \/>\nDoor het speciale ontwerp behoudt u een uitstekende klank- en stemherkenning om ook alarmsignalen goed waar te kunnen nemen.<br \/>\nDeze oorpluggen garanderen een zeer comfortabel gevoel door het zachte materiaal en uitstekende pasvorm. Het gladde oppervlak zorgt voor een hygi\u00ebnische toepassing. De dispenser is voor \u00e9\u00e9nmalig gebruik en kan compleet gerecycled worden.<\/p>\n<p><span style=\"color: #ff0000\"><strong>Normering<br \/>\n<\/strong><\/span><span style=\"color: #ff0000\"><span style=\"color: #000000\">EN352-2<\/span><\/span><\/p>\n","protected":false},"featured_media":11685,"template":"","meta":[],"product_brand":[],"product_cat":[34,45],"product_tag":[],"class_list":{"0":"post-11682","1":"product","2":"type-product","3":"status-publish","4":"has-post-thumbnail","6":"product_cat-gehoorbescherming","7":"product_cat-disposable-oordoppen","9":"first","10":"instock","11":"taxable","12":"shipping-taxable","13":"product-type-simple"},"yoast_head":"<!-- This site is optimized with the Yoast SEO plugin v27.5 - https:\/\/yoast.com\/product\/yoast-seo-wordpress\/ -->\n<title>Dyna-Fit Dispenser 250 - Edge Safety Equipment BV<\/title>\n<meta name=\"robots\" content=\"index, follow, max-snippet:-1, max-image-preview:large, max-video-preview:-1\" \/>\n<link rel=\"canonical\" href=\"https:\/\/www.edge-safety.eu\/cms\/product\/dyna-fit-dispenser-250\/\" \/>\n<meta property=\"og:locale\" content=\"nl_NL\" \/>\n<meta property=\"og:type\" content=\"article\" \/>\n<meta property=\"og:title\" content=\"Dyna-Fit Dispenser 250 - Edge Safety Equipment BV\" \/>\n<meta property=\"og:description\" content=\"Omschrijving De Dyna-Fit Dispenser 250 is gevuld met 250 paar NP101 disposable oorpluggen. Deze hebben een uitstekende pasvorm en bieden uitzonderlijke bescherming door de zeer hoge dempingsfactor van 34 dB. Door het speciale ontwerp behoudt u een uitstekende klank- en stemherkenning om ook alarmsignalen goed waar te kunnen nemen. Deze oorpluggen garanderen een zeer comfortabel gevoel door het zachte materiaal en uitstekende pasvorm. Het gladde oppervlak zorgt voor een hygi\u00ebnische toepassing. De dispenser is voor \u00e9\u00e9nmalig gebruik en kan compleet gerecycled worden.  Normering EN352-2\" \/>\n<meta property=\"og:url\" content=\"https:\/\/www.edge-safety.eu\/cms\/product\/dyna-fit-dispenser-250\/\" \/>\n<meta property=\"og:site_name\" content=\"Edge Safety Equipment BV\" \/>\n<meta property=\"article:modified_time\" content=\"2024-05-08T15:10:45+00:00\" \/>\n<meta property=\"og:image\" content=\"https:\/\/www.edge-safety.eu\/cms\/wp-content\/uploads\/2021\/01\/NP250.jpg\" \/>\n\t<meta property=\"og:image:width\" content=\"1000\" \/>\n\t<meta property=\"og:image:height\" content=\"1000\" \/>\n\t<meta property=\"og:image:type\" content=\"image\/jpeg\" \/>\n<meta name=\"twitter:card\" content=\"summary_large_image\" \/>\n<meta name=\"twitter:label1\" content=\"Geschatte leestijd\" \/>\n\t<meta name=\"twitter:data1\" content=\"1 minuut\" \/>\n<script type=\"application\/ld+json\" class=\"yoast-schema-graph\">{\"@context\":\"https:\\\/\\\/schema.org\",\"@graph\":[{\"@type\":\"WebPage\",\"@id\":\"https:\\\/\\\/www.edge-safety.eu\\\/cms\\\/product\\\/dyna-fit-dispenser-250\\\/\",\"url\":\"https:\\\/\\\/www.edge-safety.eu\\\/cms\\\/product\\\/dyna-fit-dispenser-250\\\/\",\"name\":\"Dyna-Fit Dispenser 250 - Edge Safety Equipment BV\",\"isPartOf\":{\"@id\":\"https:\\\/\\\/www.edge-safety.eu\\\/cms\\\/#website\"},\"primaryImageOfPage\":{\"@id\":\"https:\\\/\\\/www.edge-safety.eu\\\/cms\\\/product\\\/dyna-fit-dispenser-250\\\/#primaryimage\"},\"image\":{\"@id\":\"https:\\\/\\\/www.edge-safety.eu\\\/cms\\\/product\\\/dyna-fit-dispenser-250\\\/#primaryimage\"},\"thumbnailUrl\":\"https:\\\/\\\/www.edge-safety.eu\\\/cms\\\/wp-content\\\/uploads\\\/2021\\\/01\\\/NP250.jpg\",\"datePublished\":\"2021-01-14T15:57:12+00:00\",\"dateModified\":\"2024-05-08T15:10:45+00:00\",\"breadcrumb\":{\"@id\":\"https:\\\/\\\/www.edge-safety.eu\\\/cms\\\/product\\\/dyna-fit-dispenser-250\\\/#breadcrumb\"},\"inLanguage\":\"nl-NL\",\"potentialAction\":[{\"@type\":\"ReadAction\",\"target\":[\"https:\\\/\\\/www.edge-safety.eu\\\/cms\\\/product\\\/dyna-fit-dispenser-250\\\/\"]}]},{\"@type\":\"ImageObject\",\"inLanguage\":\"nl-NL\",\"@id\":\"https:\\\/\\\/www.edge-safety.eu\\\/cms\\\/product\\\/dyna-fit-dispenser-250\\\/#primaryimage\",\"url\":\"https:\\\/\\\/www.edge-safety.eu\\\/cms\\\/wp-content\\\/uploads\\\/2021\\\/01\\\/NP250.jpg\",\"contentUrl\":\"https:\\\/\\\/www.edge-safety.eu\\\/cms\\\/wp-content\\\/uploads\\\/2021\\\/01\\\/NP250.jpg\",\"width\":1000,\"height\":1000},{\"@type\":\"BreadcrumbList\",\"@id\":\"https:\\\/\\\/www.edge-safety.eu\\\/cms\\\/product\\\/dyna-fit-dispenser-250\\\/#breadcrumb\",\"itemListElement\":[{\"@type\":\"ListItem\",\"position\":1,\"name\":\"Home\",\"item\":\"https:\\\/\\\/www.edge-safety.eu\\\/cms\\\/\"},{\"@type\":\"ListItem\",\"position\":2,\"name\":\"Winkel\",\"item\":\"https:\\\/\\\/www.edge-safety.eu\\\/cms\\\/winkel\\\/\"},{\"@type\":\"ListItem\",\"position\":3,\"name\":\"Dyna-Fit Dispenser 250\"}]},{\"@type\":\"WebSite\",\"@id\":\"https:\\\/\\\/www.edge-safety.eu\\\/cms\\\/#website\",\"url\":\"https:\\\/\\\/www.edge-safety.eu\\\/cms\\\/\",\"name\":\"Edge Safety Equipment BV\",\"description\":\"Fabrikant in persoonlijkebeveiligings middelen\",\"potentialAction\":[{\"@type\":\"SearchAction\",\"target\":{\"@type\":\"EntryPoint\",\"urlTemplate\":\"https:\\\/\\\/www.edge-safety.eu\\\/cms\\\/?s={search_term_string}\"},\"query-input\":{\"@type\":\"PropertyValueSpecification\",\"valueRequired\":true,\"valueName\":\"search_term_string\"}}],\"inLanguage\":\"nl-NL\"}]}<\/script>\n<!-- \/ Yoast SEO plugin. -->","yoast_head_json":{"title":"Dyna-Fit Dispenser 250 - Edge Safety Equipment BV","robots":{"index":"index","follow":"follow","max-snippet":"max-snippet:-1","max-image-preview":"max-image-preview:large","max-video-preview":"max-video-preview:-1"},"canonical":"https:\/\/www.edge-safety.eu\/cms\/product\/dyna-fit-dispenser-250\/","og_locale":"nl_NL","og_type":"article","og_title":"Dyna-Fit Dispenser 250 - Edge Safety Equipment BV","og_description":"Omschrijving De Dyna-Fit Dispenser 250 is gevuld met 250 paar NP101 disposable oorpluggen. Deze hebben een uitstekende pasvorm en bieden uitzonderlijke bescherming door de zeer hoge dempingsfactor van 34 dB. Door het speciale ontwerp behoudt u een uitstekende klank- en stemherkenning om ook alarmsignalen goed waar te kunnen nemen. Deze oorpluggen garanderen een zeer comfortabel gevoel door het zachte materiaal en uitstekende pasvorm. Het gladde oppervlak zorgt voor een hygi\u00ebnische toepassing. De dispenser is voor \u00e9\u00e9nmalig gebruik en kan compleet gerecycled worden.  Normering EN352-2","og_url":"https:\/\/www.edge-safety.eu\/cms\/product\/dyna-fit-dispenser-250\/","og_site_name":"Edge Safety Equipment BV","article_modified_time":"2024-05-08T15:10:45+00:00","og_image":[{"width":1000,"height":1000,"url":"https:\/\/www.edge-safety.eu\/cms\/wp-content\/uploads\/2021\/01\/NP250.jpg","type":"image\/jpeg"}],"twitter_card":"summary_large_image","twitter_misc":{"Geschatte leestijd":"1 minuut"},"schema":{"@context":"https:\/\/schema.org","@graph":[{"@type":"WebPage","@id":"https:\/\/www.edge-safety.eu\/cms\/product\/dyna-fit-dispenser-250\/","url":"https:\/\/www.edge-safety.eu\/cms\/product\/dyna-fit-dispenser-250\/","name":"Dyna-Fit Dispenser 250 - Edge Safety Equipment BV","isPartOf":{"@id":"https:\/\/www.edge-safety.eu\/cms\/#website"},"primaryImageOfPage":{"@id":"https:\/\/www.edge-safety.eu\/cms\/product\/dyna-fit-dispenser-250\/#primaryimage"},"image":{"@id":"https:\/\/www.edge-safety.eu\/cms\/product\/dyna-fit-dispenser-250\/#primaryimage"},"thumbnailUrl":"https:\/\/www.edge-safety.eu\/cms\/wp-content\/uploads\/2021\/01\/NP250.jpg","datePublished":"2021-01-14T15:57:12+00:00","dateModified":"2024-05-08T15:10:45+00:00","breadcrumb":{"@id":"https:\/\/www.edge-safety.eu\/cms\/product\/dyna-fit-dispenser-250\/#breadcrumb"},"inLanguage":"nl-NL","potentialAction":[{"@type":"ReadAction","target":["https:\/\/www.edge-safety.eu\/cms\/product\/dyna-fit-dispenser-250\/"]}]},{"@type":"ImageObject","inLanguage":"nl-NL","@id":"https:\/\/www.edge-safety.eu\/cms\/product\/dyna-fit-dispenser-250\/#primaryimage","url":"https:\/\/www.edge-safety.eu\/cms\/wp-content\/uploads\/2021\/01\/NP250.jpg","contentUrl":"https:\/\/www.edge-safety.eu\/cms\/wp-content\/uploads\/2021\/01\/NP250.jpg","width":1000,"height":1000},{"@type":"BreadcrumbList","@id":"https:\/\/www.edge-safety.eu\/cms\/product\/dyna-fit-dispenser-250\/#breadcrumb","itemListElement":[{"@type":"ListItem","position":1,"name":"Home","item":"https:\/\/www.edge-safety.eu\/cms\/"},{"@type":"ListItem","position":2,"name":"Winkel","item":"https:\/\/www.edge-safety.eu\/cms\/winkel\/"},{"@type":"ListItem","position":3,"name":"Dyna-Fit Dispenser 250"}]},{"@type":"WebSite","@id":"https:\/\/www.edge-safety.eu\/cms\/#website","url":"https:\/\/www.edge-safety.eu\/cms\/","name":"Edge Safety Equipment BV","description":"Fabrikant in persoonlijkebeveiligings middelen","potentialAction":[{"@type":"SearchAction","target":{"@type":"EntryPoint","urlTemplate":"https:\/\/www.edge-safety.eu\/cms\/?s={search_term_string}"},"query-input":{"@type":"PropertyValueSpecification","valueRequired":true,"valueName":"search_term_string"}}],"inLanguage":"nl-NL"}]}},"jetpack_sharing_enabled":true,"_links":{"self":[{"href":"https:\/\/www.edge-safety.eu\/cms\/wp-json\/wp\/v2\/product\/11682","targetHints":{"allow":["GET"]}}],"collection":[{"href":"https:\/\/www.edge-safety.eu\/cms\/wp-json\/wp\/v2\/product"}],"about":[{"href":"https:\/\/www.edge-safety.eu\/cms\/wp-json\/wp\/v2\/types\/product"}],"wp:featuredmedia":[{"embeddable":true,"href":"https:\/\/www.edge-safety.eu\/cms\/wp-json\/wp\/v2\/media\/11685"}],"wp:attachment":[{"href":"https:\/\/www.edge-safety.eu\/cms\/wp-json\/wp\/v2\/media?parent=11682"}],"wp:term":[{"taxonomy":"product_brand","embeddable":true,"href":"https:\/\/www.edge-safety.eu\/cms\/wp-json\/wp\/v2\/product_brand?post=11682"},{"taxonomy":"product_cat","embeddable":true,"href":"https:\/\/www.edge-safety.eu\/cms\/wp-json\/wp\/v2\/product_cat?post=11682"},{"taxonomy":"product_tag","embeddable":true,"href":"https:\/\/www.edge-safety.eu\/cms\/wp-json\/wp\/v2\/product_tag?post=11682"}],"curies":[{"name":"wp","href":"https:\/\/api.w.org\/{rel}","templated":true}]}}